5530959?
False
Is 83666 a multiple of 86?
False
Does 23 divide 348867?
False
Is 1601646 a multiple of 218?
True
Is 496813 a multiple of 14?
False
Does 44 divide 18348?
True
Is 5198144 a multiple of 164?
True
Does 11 divide 180883?
False
Does 123 divide 2853969?
True
Is 8 a factor of 875152?
True
Does 2 divide 7194?
True
Does 25 divide 1127034?
False
Does 7 divide 285705?
True
Does 131 divide 1736274?
True
Is 72 a factor of 715995?
False
Does 35 divide 2662870?
True
Does 4 divide 379530?
False
Does 80 divide 106480?
True
Is 92592 a multiple of 33?
False
Is 2 a factor of 337796?
True
Is 14303502 a multiple of 762?
True
Is 1263450 a multiple of 15?
True
Is 80600 a multiple of 40?
True
Is 103307 a multiple of 7?
False
Is 457193 a multiple of 37?
False
Does 298 divide 25020784?
False
Is 41 a factor of 309004?
False
Does 242 divide 3197?
False
Does 200 divide 444000?
True
Is 133 a factor of 156142?
True
Does 45 divide 5895?
True
Is 77 a factor of 72642?
False
Is 374 a factor of 55987?
False
Does 10 divide 27840?
True
Is 12288172 a multiple of 766?
True
Does 46 divide 21620?
True
Does 434 divide 27241746?
True
Does 591 divide 4313258?
False
Is 10984096 a multiple of 38?
False
Is 9 a factor of 519552?
True
Is 42504 even?
True
Is 1455511 a multiple of 50?
False
Does 14 divide 32787?
False
Is 409 a factor of 1755428?
True
Is 9 a factor of 1886?
False
Does 27 divide 567993?
False
Is 319218 a multiple of 2?
True
Is 15 a factor of 2518470?
True
Is 955556 a multiple of 7?
True
Is 22275 a multiple of 304?
False
Is 1081431 a multiple of 39?
True
Is 11021686 a multiple of 146?
True
Is 4416705 a multiple of 549?
True
Does 47 divide 404341?
True
Is 68 a factor of 511311?
False
Is 1125900 a multiple of 20?
True
Is 6 a factor of 252096?
True
Does 31 divide 1024178?
True
Is 101121 a multiple of 111?
True
Is 17 a factor of 20116?
False
Is 10 a factor of 42345?
False
Does 74 divide 137492?
True
Is 85961 a multiple of 67?
True
Is 164 a factor of 17310233?
False
Is 35 a factor of 2360778?
False
Does 196 divide 170969?
False
Is 91168 a multiple of 11?
True
Is 6022905 a multiple of 194?
False
Does 5 divide 190590?
True
Does 135 divide 3377245?
False
Does 12 divide 272604?
True
Is 2594308 a multiple of 89?
False
Is 158110 a multiple of 47?
False
Is 150910 a multiple of 5?
True
Does 15 divide 169020?
True
Is 126 a factor of 591333?
False
Is 5544 a multiple of 88?
True
Is 3 a factor of 307820?
False
Is 5 a factor of 744507?
False
Does 18 divide 1520820?
True
Does 10 divide 360491?
False
Does 10 divide 159720?
True
Does 69 divide 610101?
False
Is 1068814 a multiple of 162?
False
Is 8526 a multiple of 87?
True
Does 8 divide 7306096?
True
Is 762942 a multiple of 767?
False
Is 12 a factor of 1491094?
False
Does 7 divide 160954?
False
Is 21 a factor of 349713?
True
Does 47 divide 1857965?
False
Is 23 a factor of 4114053?
False
Is 487333 a multiple of 7?
True
Is 1027 a factor of 4187079?
True
Is 148629 a multiple of 103?
True
Is 46 a factor of 3164697?
False
Is 2 a factor of 9260?
True
Is 5 a factor of 187151?
False
Does 6 divide 523158?
True
Does 47 divide 1459?
False
Does 170 divide 1617282?
False
Does 8 divide 306847?
False
Does 6 divide 701769?
False
Is 74 a factor of 212536?
False
Is 7 a factor of 758726?
False
Is 199520 a multiple of 430?
True
Is 86780 a multiple of 6?
False
Is 548561 a multiple of 39?
False
Is 30 a factor of 3180000?
True
Is 186 a factor of 241986?
True
Is 15 a factor of 514309?
False
Does 109 divide 44275?
False
Does 33 divide 5263302?
True
Is 739568 a multiple of 16?
True
Is 39253 a multiple of 13?
False
Does 57 divide 5514332?
False
Is 18655004 a multiple of 1541?
False
Does 1457 divide 7534147?
True
Is 37 a factor of 366901?
False
Does 24 divide 112008?
True
Is 252960 a multiple of 96?
True
Is 117 a factor of 950569?
False
Is 4740621 a multiple of 21?
False
Is 21 a factor of 4239429?
False
Does 157 divide 1681285?
False
Is 18629919 a multiple of 1133?
True
Is 9 a factor of 74690?
False
Is 23 a factor of 128317?
True
Is 3708474 a multiple of 21?
True
Is 462 a factor of 8364469?
False
Is 9 a factor of 7795?
False
Is 9 a factor of 390127?
False
Is 63 a factor of 942606?
True
Is 281 a factor of 361366?
True
Is 1625452 a multiple of 383?
True
Is 46 a factor of 234094?
True
Is 9484 a multiple of 3?
False
Is 43 a factor of 9932097?
True
Is 7568030 a multiple of 14?
False
Is 1068760 a multiple of 40?
True
Is 182888 a multiple of 340?
False
Does 78 divide 8259576?
True
Does 37 divide 81422?
False
Does 103 divide 63345?
True
Does 2 divide 30282?
True
Does 780 divide 1183260?
True
Does 96 divide 185472?
True
Is 340 a factor of 2257260?
True
Is 852043 a multiple of 405?
False
Does 100 divide 748800?
True
Does 9 divide 67010?
False
Is 329 a factor of 84553?
True
Is 1284624 a multiple of 22?
True
Does 3 divide 7045?
False
Is 156558 a multiple of 7?
False
Does 27 divide 10075811?
False
Does 90 divide 40230?
True
Does 29 divide 306675?
True
Does 1533 divide 6882506?
False
Is 270788 a multiple of 183?
False
Does 51 divide 21165?
True
Does 508 divide 4174569?
False
Is 12 a factor of 85049?
False
Is 24245 a multiple of 248?
False
Does 24 divide 29533246?
False
Does 57 divide 1072512?
True
Is 257 a factor of 1653538?
True
Is 1768102 a multiple of 46?
True
Is 1089945 a multiple of 17?
False
Is 42 a factor of 3990?
True
Does 58 divide 21228?
True
Is 29 a factor of 385427?
False
Is 588 a factor of 3079356?
True
Is 55 a factor of 66220?
True
Is 45 a factor of 637020?
True
Does 869 divide 2707804?
True
Does 10 divide 2075116?
False
Is 189886 a multiple of 19?
True
Is 696436 a multiple of 52?
True
Is 396 a factor of 2272225?
False
Is 7 a factor of 18704?
True
Does 4 divide 25292?
True
Is 3 a factor of 57308?
False
Does 18 divide 1331856?
True
Does 235 divide 1017526?
False
Is 403904 a multiple of 3?
False
Is 24 a factor of 97304?
False
Does 97 divide 200402?
True
Does 629 divide 459170?
True
Does 12 divide 819735?
False
Does 39 divide 162708?
True
Does 12 divide 179160?
True
Does 20 divide 134800?
True
Is 23018 a multiple of 2?
True
Is 13774290 a multiple of 282?
True
Does 22 divide 20370?
False
Is 49907 a multiple of 13?
True
Is 122 a factor of 65614?
False
Is 1148296 a multiple of 50?
False
Does 82 divide 512806?
False
Is 69180 a multiple of 136?
False
Does 37 divide 561473?
False
Is 11 a factor of 14857942?
True
Is 83662 a multiple of 512?
False
Is 241024 a multiple of 224?
True
Is 946230 a multiple of 15?
True
Does 29 divide 3473106?
False
Is 36 a factor of 628926?
False
Is 32573 a multiple of 23?
False
Is 16998 a multiple of 6?
True
Is 29 a factor of 10730?
True
Is 546 a factor of 5093634?
True
Is 82 a factor of 1414500?
True
Is 37 a factor of 6699629?
False
Is 932425 a multiple of 343?
False
Does 3 divide 211074?
True
Is 20 a factor of 7353060?
True
Is 9 a factor of 2064856?
False
Is 1776038 a multiple of 41?
True
Is 19 a factor of 4134780?
True
Does 34 divide 133462?
False
Is 198 a factor of 1151624?
False
Is 12 a factor of 21502653?
False
Is 78372 a multiple of 4?
True
Does 32 divide 393118?
False
Is 390 a factor of 2948010?
True
Is 8 a factor of 409803?
False
Is 1709667 a multiple of 348?
False
Is 1694175 a multiple of 175?
True
Is 284460 a multiple of 22?
True
Does 37 divide 217301?
True
Does 125 divide 915750?
True
Is 123 a factor of 6540986?
False
Does 6 divide 251183?
False
Is 168826 a multiple of 217?
True
Is 781056 a multiple of 32?
True
Does 557 divide 110627?
False
Is 10 a factor of 3662387?
False
Is 60994 a multiple of 8?
False
Does 11 divide 489116?
False
Does 97 divide 16061?
False
Is 58 a factor of 2674844?
True
Does 8 divide 350733?
False
Is 323268 a multiple of 190?
False
Is 19 a factor of 5174365?
True
Is 21 a factor of 3490796?
False
Is 761634 a multiple of 171?
True
Is 427570 a multiple of 13?
True
Is 34 a factor of 34378?
False
Does 6 divide 2137560?
True
Does 34 divide 554618?
False
Does 138 divide 330096?
True
Is 218 a factor of 24444703?
False
Does 508 divide 3017520?
True
Is 817875 a multiple of 5?
True
Does 696 divide 6894242?
False
Is 723 a factor of 1281156?
True
Does 6 divide 156?
True
Is 158408 a multiple of 25?
False
Is 184 a factor of 1318845?
False
Does 49 divide 164414?
False
Is 38962 a multiple of 242?
True
Is 115685 a multiple of 5